{"id":114,"date":"2021-10-05T11:34:40","date_gmt":"2021-10-05T09:34:40","guid":{"rendered":"https:\/\/soziokultur-duisburg.de\/2021-wp\/?page_id=114"},"modified":"2022-06-07T19:38:22","modified_gmt":"2022-06-07T17:38:22","slug":"denkraeume","status":"publish","type":"page","link":"https:\/\/soziokultur-duisburg.de\/2021-wp\/denkraeume\/","title":{"rendered":"Denkr\u00e4ume"},"content":{"rendered":"\t\t<div data-elementor-type=\"wp-page\" data-elementor-id=\"114\" class=\"elementor elementor-114\">\n\t\t\t\t\t\t\t\t\t<section class=\"elementor-section elementor-top-section elementor-element elementor-element-4fbf4d9 elementor-section-boxed elementor-section-height-default elementor-section-height-default\" data-id=\"4fbf4d9\" data-element_type=\"section\">\n\t\t\t\t\t\t<div class=\"elementor-container elementor-column-gap-default\">\n\t\t\t\t\t<div class=\"elementor-column elementor-col-100 elementor-top-column elementor-element elementor-element-1a26a25\" data-id=\"1a26a25\" data-element_type=\"column\">\n\t\t\t<div class=\"elementor-widget-wrap elementor-element-populated\">\n\t\t\t\t\t\t\t\t<div class=\"elementor-element elementor-element-16e7df1 elementor-widget elementor-widget-text-editor\" data-id=\"16e7df1\" data-element_type=\"widget\" data-widget_type=\"text-editor.default\">\n\t\t\t\t<div class=\"elementor-widget-container\">\n\t\t\t<style>\/*! elementor - v3.6.7 - 03-07-2022 *\/\n.elementor-widget-text-editor.elementor-drop-cap-view-stacked .elementor-drop-cap{background-color:#818a91;color:#fff}.elementor-widget-text-editor.elementor-drop-cap-view-framed .elementor-drop-cap{color:#818a91;border:3px solid;background-color:transparent}.elementor-widget-text-editor:not(.elementor-drop-cap-view-default) .elementor-drop-cap{margin-top:8px}.elementor-widget-text-editor:not(.elementor-drop-cap-view-default) .elementor-drop-cap-letter{width:1em;height:1em}.elementor-widget-text-editor .elementor-drop-cap{float:left;text-align:center;line-height:1;font-size:50px}.elementor-widget-text-editor .elementor-drop-cap-letter{display:inline-block}<\/style>\t\t\t\t<p>Das Prinzip der \u00f6ffentlichen Denkr\u00e4ume haben wir im April 2019 in unserem \u201eutopischen Pre-Enactment\u201c f\u00fcr ein Soziokulturelles Zentrum in Duisburg-Mitte im Projektladen \u201e47\u201c etabliert. Um uns zu bilden, um voneinander zu lernen, um Menschen zuzuh\u00f6ren, die bereit waren, ihre Erfahrungen und ihr Wissen mit uns zu teilen.<\/p><p>Im Februar 2020 initiierten wir einen weiteren Denkraum zum Thema &#8222;Duisburg wovon tr\u00e4umst du?&#8220; im DJ\u00e4zz.<\/p><p>Im Rahmen von \u201eSoziokultur f\u00fcr Duisburg\u201c veranstalteten wir bisher zwei \u00f6ffentliche Denkr\u00e4ume im Lokal Harmonie:<\/p><p>Im November 2021 \u201eS\u00fc\u00dfes Flanieren\u201c \u2013 mit dem Wahl-Duisburger Prem L\u00fcers und mit Birte Bicksch\u00e4fer vom legend\u00e4ren Ruhrorter Caf\u00e9 Kurz.<\/p><p>Im Januar 2022 \u201eIGA mit H\u201c \u2013 ein Wissens- und Strategie-Austausch zum Thema <i>Internationale Gartenausstellung<\/i> 2027 in Hochfeld.<\/p><p><span style=\"font-weight: normal;\">Weitere \u00f6ffentliche Denkr\u00e4ume planen wir ab Sommer 2022 im Lokal Harmonie, im Stapeltor und an anderen Orten der Stadt.<\/span><\/p><p><em>Wenn ihr selbst Denkr\u00e4ume zu soziokulturellen Themen veranstalten wollt, meldet euch gerne bei uns!<\/em><\/p>\t\t\t\t\t\t<\/div>\n\t\t\t\t<\/div>\n\t\t\t\t\t<\/div>\n\t\t<\/div>\n\t\t\t\t\t\t\t<\/div>\n\t\t<\/section>\n\t\t\t\t\t\t\t<\/div>\n\t\t","protected":false},"excerpt":{"rendered":"<p>Das Prinzip der \u00f6ffentlichen Denkr\u00e4ume haben wir im April 2019 in unserem \u201eutopischen Pre-Enactment\u201c f\u00fcr ein Soziokulturelles Zentrum in Duisburg-Mitte im Projektladen \u201e47\u201c etabliert. Um uns zu bilden, um voneinander zu lernen, um Menschen zuzuh\u00f6ren, die bereit waren, ihre Erfahrungen und ihr Wissen mit uns zu teilen. Im Februar 2020 initiierten wir einen weiteren Denkraum &hellip; <a href=\"https:\/\/soziokultur-duisburg.de\/2021-wp\/denkraeume\/\" class=\"more-link\"><span class=\"screen-reader-text\">Denkr\u00e4ume<\/span> weiterlesen<\/a><\/p>\n","protected":false},"author":1,"featured_media":0,"parent":0,"menu_order":0,"comment_status":"closed","ping_status":"closed","template":"","meta":[],"_links":{"self":[{"href":"https:\/\/soziokultur-duisburg.de\/2021-wp\/wp-json\/wp\/v2\/pages\/114"}],"collection":[{"href":"https:\/\/soziokultur-duisburg.de\/2021-wp\/wp-json\/wp\/v2\/pages"}],"about":[{"href":"https:\/\/soziokultur-duisburg.de\/2021-wp\/wp-json\/wp\/v2\/types\/page"}],"author":[{"embeddable":true,"href":"https:\/\/soziokultur-duisburg.de\/2021-wp\/wp-json\/wp\/v2\/users\/1"}],"replies":[{"embeddable":true,"href":"https:\/\/soziokultur-duisburg.de\/2021-wp\/wp-json\/wp\/v2\/comments?post=114"}],"version-history":[{"count":10,"href":"https:\/\/soziokultur-duisburg.de\/2021-wp\/wp-json\/wp\/v2\/pages\/114\/revisions"}],"predecessor-version":[{"id":1352,"href":"https:\/\/soziokultur-duisburg.de\/2021-wp\/wp-json\/wp\/v2\/pages\/114\/revisions\/1352"}],"wp:attachment":[{"href":"https:\/\/soziokultur-duisburg.de\/2021-wp\/wp-json\/wp\/v2\/media?parent=114"}],"curies":[{"name":"wp","href":"https:\/\/api.w.org\/{rel}","templated":true}]}}