{"id":375,"date":"2021-10-05T17:25:40","date_gmt":"2021-10-05T15:25:40","guid":{"rendered":"https:\/\/soziokultur-duisburg.de\/2021-wp\/minimegazine\/"},"modified":"2022-06-29T15:02:47","modified_gmt":"2022-06-29T13:02:47","slug":"minimegazine","status":"publish","type":"page","link":"https:\/\/soziokultur-duisburg.de\/2021-wp\/minimegazine\/?lang=tr","title":{"rendered":"MiniMegaZine"},"content":{"rendered":"\t\t<div data-elementor-type=\"wp-page\" data-elementor-id=\"375\" class=\"elementor elementor-375\">\n\t\t\t\t\t\t\t\t\t<section class=\"elementor-section elementor-top-section elementor-element elementor-element-4fbf4d9 elementor-section-boxed elementor-section-height-default elementor-section-height-default\" data-id=\"4fbf4d9\" data-element_type=\"section\">\n\t\t\t\t\t\t<div class=\"elementor-container elementor-column-gap-default\">\n\t\t\t\t\t<div class=\"elementor-column elementor-col-100 elementor-top-column elementor-element elementor-element-1a26a25\" data-id=\"1a26a25\" data-element_type=\"column\">\n\t\t\t<div class=\"elementor-widget-wrap elementor-element-populated\">\n\t\t\t\t\t\t\t\t<div class=\"elementor-element elementor-element-16e7df1 elementor-widget elementor-widget-text-editor\" data-id=\"16e7df1\" data-element_type=\"widget\" data-widget_type=\"text-editor.default\">\n\t\t\t\t<div class=\"elementor-widget-container\">\n\t\t\t<style>\/*! elementor - v3.6.7 - 03-07-2022 *\/\n.elementor-widget-text-editor.elementor-drop-cap-view-stacked .elementor-drop-cap{background-color:#818a91;color:#fff}.elementor-widget-text-editor.elementor-drop-cap-view-framed .elementor-drop-cap{color:#818a91;border:3px solid;background-color:transparent}.elementor-widget-text-editor:not(.elementor-drop-cap-view-default) .elementor-drop-cap{margin-top:8px}.elementor-widget-text-editor:not(.elementor-drop-cap-view-default) .elementor-drop-cap-letter{width:1em;height:1em}.elementor-widget-text-editor .elementor-drop-cap{float:left;text-align:center;line-height:1;font-size:50px}.elementor-widget-text-editor .elementor-drop-cap-letter{display:inline-block}<\/style>\t\t\t\t<p>Tabak bo\u015f mu? Herkes i\u00e7in sadece k\u0131r\u0131nt\u0131lar m\u0131? Sa\u00e7mal\u0131k! Duisburg&#8217;da da sosyo-kek yo\u011frulmaya devam ediyor. Minimegazine, tabaklar\u0131m\u0131z\u0131n i\u00e7indeki ve d\u0131\u015f\u0131ndaki lezzetli, sosyo-k\u00fclt\u00fcrel malzemelerin kokusunu takip ediyor. Minimegazine ger\u00e7ek bir fanzin, ka\u011f\u0131ttan yap\u0131lm\u0131\u015f ve sosyo-k\u00fclt\u00fcr\u00fcn geni\u015f alan\u0131ndan bariz konulara adanm\u0131\u015f k\u00fc\u00e7\u00fck bir dergidir. Plakay\u0131 doldurma plan\u0131yla be\u015f minimagazin olu\u015fturulur. Ve \u00f6tesinde: sonu\u00e7ta, k\u0131r\u0131nt\u0131lardan, hatta pastadan daha fazlas\u0131n\u0131 istiyoruz.<\/p><p>Hen\u00fcz her \u015fey \u015feker de\u011fil, bir\u00e7ok \u015feyin tad\u0131 bize g\u00fczel gelmiyor. Sofran\u0131n bizim olmas\u0131ndan \u00f6nce yap\u0131lmas\u0131 gereken \u00e7ok fazla kesme, do\u011frama, kar\u0131\u015ft\u0131rma ve tatma i\u015flemi var. MMZ, bir\u00e7ok sosyo-k\u00fclt\u00fcrel ve k\u00fclt\u00fcrel mekanda \u00fccretsiz olarak temin edilebilir ve kolayca al\u0131n\u0131p verilebilir. Minimegazine, Stapeltor, Lokal Harmonie ve KUKSTDU e.V. ile kat\u0131l\u0131mc\u0131 t\u00fcm inisiyatif ve yazarlar\u0131n ortak bir projesidir. Bu nedenle, Minimegazete&#8217;ye katk\u0131da bulunan herkese \u00e7ok te\u015fekk\u00fcrler. Siz olmasayd\u0131n\u0131z, sosyo-kek var olamazd\u0131!<\/p><p>Geri say\u0131yoruz:<\/p><p><a href=\"https:\/\/soziokultur-duisburg.de\/2021-wp\/wp-content\/uploads\/2022\/06\/minimegaZine_04_web.pdf\">minimegazine_N04_<\/a><\/p><p><a href=\"https:\/\/soziokultur-duisburg.de\/2021-wp\/wp-content\/uploads\/2022\/06\/minimegazine_NO5.pdf\">minimegazine_NO5<\/a><\/p><p> <\/p>\t\t\t\t\t\t<\/div>\n\t\t\t\t<\/div>\n\t\t\t\t\t<\/div>\n\t\t<\/div>\n\t\t\t\t\t\t\t<\/div>\n\t\t<\/section>\n\t\t\t\t<section class=\"elementor-section elementor-top-section elementor-element elementor-element-b35fbbd elementor-section-boxed elementor-section-height-default elementor-section-height-default\" data-id=\"b35fbbd\" data-element_type=\"section\">\n\t\t\t\t\t\t<div class=\"elementor-container elementor-column-gap-default\">\n\t\t\t\t\t<div class=\"elementor-column elementor-col-100 elementor-top-column elementor-element elementor-element-7b677a4\" data-id=\"7b677a4\" data-element_type=\"column\">\n\t\t\t<div class=\"elementor-widget-wrap elementor-element-populated\">\n\t\t\t\t\t\t\t\t<div class=\"elementor-element elementor-element-0c1d0a2 elementor-widget elementor-widget-image\" data-id=\"0c1d0a2\" data-element_type=\"widget\" data-widget_type=\"image.default\">\n\t\t\t\t<div class=\"elementor-widget-container\">\n\t\t\t<style>\/*! elementor - v3.6.7 - 03-07-2022 *\/\n.elementor-widget-image{text-align:center}.elementor-widget-image a{display:inline-block}.elementor-widget-image a img[src$=\".svg\"]{width:48px}.elementor-widget-image img{vertical-align:middle;display:inline-block}<\/style>\t\t\t\t\t\t\t\t\t\t\t\t\t<a href=\"https:\/\/soziokultur-duisburg.de\/2021-wp\/wp-content\/uploads\/2022\/06\/minimegaZine_04_web-1.pdf\">\n\t\t\t\t\t\t\t<img decoding=\"async\" width=\"207\" height=\"300\" src=\"https:\/\/soziokultur-duisburg.de\/2021-wp\/wp-content\/uploads\/2022\/06\/35-Cover-207x300.jpg\" class=\"attachment-medium size-medium\" alt=\"\" loading=\"lazy\" srcset=\"https:\/\/soziokultur-duisburg.de\/2021-wp\/wp-content\/uploads\/2022\/06\/35-Cover-207x300.jpg 207w, https:\/\/soziokultur-duisburg.de\/2021-wp\/wp-content\/uploads\/2022\/06\/35-Cover.jpg 544w\" sizes=\"(max-width: 207px) 100vw, 207px\" \/>\t\t\t\t\t\t\t\t<\/a>\n\t\t\t\t\t\t\t\t\t\t\t\t\t\t\t<\/div>\n\t\t\t\t<\/div>\n\t\t\t\t<div class=\"elementor-element elementor-element-d622187 elementor-widget elementor-widget-image\" data-id=\"d622187\" data-element_type=\"widget\" data-widget_type=\"image.default\">\n\t\t\t\t<div class=\"elementor-widget-container\">\n\t\t\t\t\t\t\t\t\t\t\t\t\t\t\t\t<a href=\"https:\/\/soziokultur-duisburg.de\/2021-wp\/wp-content\/uploads\/2022\/06\/minimegazine_NO5.pdf\">\n\t\t\t\t\t\t\t<img decoding=\"async\" width=\"213\" height=\"300\" src=\"https:\/\/soziokultur-duisburg.de\/2021-wp\/wp-content\/uploads\/2022\/06\/Fanzine_Titelseite2-213x300.jpg\" class=\"attachment-medium size-medium\" alt=\"\" loading=\"lazy\" srcset=\"https:\/\/soziokultur-duisburg.de\/2021-wp\/wp-content\/uploads\/2022\/06\/Fanzine_Titelseite2-213x300.jpg 213w, https:\/\/soziokultur-duisburg.de\/2021-wp\/wp-content\/uploads\/2022\/06\/Fanzine_Titelseite2-728x1024.jpg 728w, https:\/\/soziokultur-duisburg.de\/2021-wp\/wp-content\/uploads\/2022\/06\/Fanzine_Titelseite2-768x1080.jpg 768w, https:\/\/soziokultur-duisburg.de\/2021-wp\/wp-content\/uploads\/2022\/06\/Fanzine_Titelseite2-1092x1536.jpg 1092w, https:\/\/soziokultur-duisburg.de\/2021-wp\/wp-content\/uploads\/2022\/06\/Fanzine_Titelseite2.jpg 1139w\" sizes=\"(max-width: 213px) 100vw, 213px\" \/>\t\t\t\t\t\t\t\t<\/a>\n\t\t\t\t\t\t\t\t\t\t\t\t\t\t\t<\/div>\n\t\t\t\t<\/div>\n\t\t\t\t\t<\/div>\n\t\t<\/div>\n\t\t\t\t\t\t\t<\/div>\n\t\t<\/section>\n\t\t\t\t<section class=\"elementor-section elementor-top-section elementor-element elementor-element-bc7be99 elementor-section-boxed elementor-section-height-default elementor-section-height-default\" data-id=\"bc7be99\" data-element_type=\"section\">\n\t\t\t\t\t\t<div class=\"elementor-container elementor-column-gap-default\">\n\t\t\t\t\t<div class=\"elementor-column elementor-col-100 elementor-top-column elementor-element elementor-element-b1b4665\" data-id=\"b1b4665\" data-element_type=\"column\">\n\t\t\t<div class=\"elementor-widget-wrap\">\n\t\t\t\t\t\t\t\t\t<\/div>\n\t\t<\/div>\n\t\t\t\t\t\t\t<\/div>\n\t\t<\/section>\n\t\t\t\t\t\t\t<\/div>\n\t\t","protected":false},"excerpt":{"rendered":"<p>Tabak bo\u015f mu? Herkes i\u00e7in sadece k\u0131r\u0131nt\u0131lar m\u0131? Sa\u00e7mal\u0131k! Duisburg&#8217;da da sosyo-kek yo\u011frulmaya devam ediyor. Minimegazine, tabaklar\u0131m\u0131z\u0131n i\u00e7indeki ve d\u0131\u015f\u0131ndaki lezzetli, sosyo-k\u00fclt\u00fcrel malzemelerin kokusunu takip ediyor. Minimegazine ger\u00e7ek bir fanzin, ka\u011f\u0131ttan yap\u0131lm\u0131\u015f ve sosyo-k\u00fclt\u00fcr\u00fcn geni\u015f alan\u0131ndan bariz konulara adanm\u0131\u015f k\u00fc\u00e7\u00fck bir dergidir. Plakay\u0131 doldurma plan\u0131yla be\u015f minimagazin olu\u015fturulur. Ve \u00f6tesinde: sonu\u00e7ta, k\u0131r\u0131nt\u0131lardan, hatta pastadan daha &hellip; <a href=\"https:\/\/soziokultur-duisburg.de\/2021-wp\/minimegazine\/?lang=tr\" class=\"more-link\"><span class=\"screen-reader-text\">MiniMegaZine<\/span> weiterlesen<\/a><\/p>\n","protected":false},"author":1,"featured_media":0,"parent":0,"menu_order":0,"comment_status":"closed","ping_status":"closed","template":"","meta":[],"_links":{"self":[{"href":"https:\/\/soziokultur-duisburg.de\/2021-wp\/wp-json\/wp\/v2\/pages\/375"}],"collection":[{"href":"https:\/\/soziokultur-duisburg.de\/2021-wp\/wp-json\/wp\/v2\/pages"}],"about":[{"href":"https:\/\/soziokultur-duisburg.de\/2021-wp\/wp-json\/wp\/v2\/types\/page"}],"author":[{"embeddable":true,"href":"https:\/\/soziokultur-duisburg.de\/2021-wp\/wp-json\/wp\/v2\/users\/1"}],"replies":[{"embeddable":true,"href":"https:\/\/soziokultur-duisburg.de\/2021-wp\/wp-json\/wp\/v2\/comments?post=375"}],"version-history":[{"count":10,"href":"https:\/\/soziokultur-duisburg.de\/2021-wp\/wp-json\/wp\/v2\/pages\/375\/revisions"}],"predecessor-version":[{"id":1647,"href":"https:\/\/soziokultur-duisburg.de\/2021-wp\/wp-json\/wp\/v2\/pages\/375\/revisions\/1647"}],"wp:attachment":[{"href":"https:\/\/soziokultur-duisburg.de\/2021-wp\/wp-json\/wp\/v2\/media?parent=375"}],"curies":[{"name":"wp","href":"https:\/\/api.w.org\/{rel}","templated":true}]}}