{"id":642,"date":"2022-04-21T13:22:19","date_gmt":"2022-04-21T11:22:19","guid":{"rendered":"https:\/\/soziokultur-duisburg.de\/2021-wp\/bilgi-koruma\/"},"modified":"2022-06-29T15:50:49","modified_gmt":"2022-06-29T13:50:49","slug":"bilgi-koruma","status":"publish","type":"page","link":"https:\/\/soziokultur-duisburg.de\/2021-wp\/bilgi-koruma\/?lang=tr","title":{"rendered":"bilgi koruma"},"content":{"rendered":"\t\t<div data-elementor-type=\"wp-page\" data-elementor-id=\"642\" class=\"elementor elementor-642\">\n\t\t\t\t\t\t\t\t\t<section class=\"elementor-section elementor-top-section elementor-element elementor-element-e267f53 elementor-section-boxed elementor-section-height-default elementor-section-height-default\" data-id=\"e267f53\" data-element_type=\"section\">\n\t\t\t\t\t\t<div class=\"elementor-container elementor-column-gap-default\">\n\t\t\t\t\t<div class=\"elementor-column elementor-col-25 elementor-top-column elementor-element elementor-element-50b4ef7\" data-id=\"50b4ef7\" data-element_type=\"column\">\n\t\t\t<div class=\"elementor-widget-wrap\">\n\t\t\t\t\t\t\t\t\t<\/div>\n\t\t<\/div>\n\t\t\t\t<div class=\"elementor-column elementor-col-50 elementor-top-column elementor-element elementor-element-f47352f\" data-id=\"f47352f\" data-element_type=\"column\">\n\t\t\t<div class=\"elementor-widget-wrap elementor-element-populated\">\n\t\t\t\t\t\t\t\t<div class=\"elementor-element elementor-element-8920ebb elementor-widget elementor-widget-text-editor\" data-id=\"8920ebb\" data-element_type=\"widget\" data-widget_type=\"text-editor.default\">\n\t\t\t\t<div class=\"elementor-widget-container\">\n\t\t\t<style>\/*! elementor - v3.6.7 - 03-07-2022 *\/\n.elementor-widget-text-editor.elementor-drop-cap-view-stacked .elementor-drop-cap{background-color:#818a91;color:#fff}.elementor-widget-text-editor.elementor-drop-cap-view-framed .elementor-drop-cap{color:#818a91;border:3px solid;background-color:transparent}.elementor-widget-text-editor:not(.elementor-drop-cap-view-default) .elementor-drop-cap{margin-top:8px}.elementor-widget-text-editor:not(.elementor-drop-cap-view-default) .elementor-drop-cap-letter{width:1em;height:1em}.elementor-widget-text-editor .elementor-drop-cap{float:left;text-align:center;line-height:1;font-size:50px}.elementor-widget-text-editor .elementor-drop-cap-letter{display:inline-block}<\/style>\t\t\t\t<h3>1. bi\u0307r baki\u015fta veri\u0307 koruma<\/h3><h4>Genel notlar<\/h4><p>A\u015fa\u011f\u0131daki notlar, web sitemizi ziyaret etti\u011finizde ki\u015fisel verilerinize ne oldu\u011funa dair basit bir genel bak\u0131\u015f sa\u011flar. Ki\u015fisel veriler, ki\u015fisel olarak tan\u0131mlanabilece\u011finiz her t\u00fcrl\u00fc veridir. Veri koruma konusunda detayl\u0131 bilgi i\u00e7in l\u00fctfen bu metnin alt\u0131nda yer alan veri koruma beyan\u0131m\u0131za bak\u0131n\u0131z.<\/p><h4>Web sitemizde veri toplama<\/h4><h4><strong>Bu web sitesinde veri toplanmas\u0131ndan kim sorumludur?<\/strong><\/h4><p>Bu web sitesinde veri i\u015fleme, web sitesi operat\u00f6r\u00fc taraf\u0131ndan ger\u00e7ekle\u015ftirilir. \u0130leti\u015fim bilgilerini bu web sitesinin k\u00fcnyesinde bulabilirsiniz.<\/p><p><strong>Verilerinizi nas\u0131l topluyoruz?<\/strong><\/p><p>Verileriniz bir yandan sizin bize sa\u011flaman\u0131zla toplan\u0131r. Bu, \u00f6rne\u011fin, bir ileti\u015fim formuna girdi\u011finiz veriler olabilir.<\/p><p>Di\u011fer veriler, web sitesini ziyaret etti\u011finizde BT sistemlerimiz taraf\u0131ndan otomatik olarak toplan\u0131r. Bunlar \u00e7o\u011funlukla teknik verilerdir (\u00f6rn. internet taray\u0131c\u0131s\u0131, i\u015fletim sistemi veya sayfa g\u00f6r\u00fcnt\u00fcleme s\u00fcresi). Bu veriler, web sitemize girdi\u011finiz anda otomatik olarak toplan\u0131r.<\/p><p><strong>Verilerinizi ne i\u00e7in kullan\u0131yoruz?<\/strong><\/p><p>Verilerin bir k\u0131sm\u0131, web sitesinin hatas\u0131z bir \u015fekilde sunulmas\u0131n\u0131 sa\u011flamak i\u00e7in toplan\u0131r. Di\u011fer veriler kullan\u0131c\u0131 davran\u0131\u015f\u0131n\u0131z\u0131 analiz etmek i\u00e7in kullan\u0131labilir.<\/p><p><strong>Verilerinizle ilgili hangi haklara sahipsiniz?<\/strong><\/p><p>Saklanan ki\u015fisel verilerinizin kayna\u011f\u0131, al\u0131c\u0131s\u0131 ve amac\u0131 hakk\u0131nda istedi\u011finiz zaman \u00fccretsiz olarak bilgi alma hakk\u0131na sahipsiniz. Ayr\u0131ca bu verilerin d\u00fczeltilmesini, engellenmesini veya silinmesini talep etme hakk\u0131na da sahipsiniz. Bu ve veri koruma konusundaki di\u011fer sorular\u0131n\u0131zla ilgili olarak k\u00fcnyede verilen adresten istedi\u011finiz zaman bizimle ileti\u015fime ge\u00e7ebilirsiniz. Ayr\u0131ca, yetkili denetim makam\u0131na \u015fikayette bulunma hakk\u0131na sahipsiniz.<\/p><h4>\u00dc\u00e7\u00fcnc\u00fc taraf analiz ara\u00e7lar\u0131 ve gere\u00e7leri<\/h4><p>Web sitemizi ziyaret ederken, gezinme davran\u0131\u015f\u0131n\u0131z istatistiksel olarak de\u011ferlendirilebilir. Bu, esas olarak \u00e7erezler ve s\u00f6zde analiz programlar\u0131 ile yap\u0131l\u0131r. Gezinme davran\u0131\u015f\u0131n\u0131z\u0131n analizi genellikle anonimdir; gezinme davran\u0131\u015f\u0131n\u0131z size kadar izlenemez. Bu analize itiraz edebilir veya belirli ara\u00e7lar\u0131 kullanmayarak bunu \u00f6nleyebilirsiniz. Bu konuda ayr\u0131nt\u0131l\u0131 bilgiyi a\u015fa\u011f\u0131daki gizlilik politikas\u0131nda bulabilirsiniz.<\/p><p>Bu analize itiraz edebilirsiniz. Bu gizlilik politikas\u0131ndaki itiraz se\u00e7enekleri hakk\u0131nda sizi bilgilendirece\u011fiz.<\/p><h3>2 Genel notlar ve zorunlu bilgiler<\/h3><h4>Veri koruma<\/h4><p>Bu sayfalar\u0131n operat\u00f6rleri ki\u015fisel verilerinizin korunmas\u0131n\u0131 \u00e7ok ciddiye almaktad\u0131r. Ki\u015fisel verilerinizi gizli ve yasal veri koruma d\u00fczenlemelerine ve bu veri koruma beyan\u0131na uygun olarak ele al\u0131yoruz.<\/p><p>Bu web sitesini kulland\u0131\u011f\u0131n\u0131zda, \u00e7e\u015fitli ki\u015fisel veriler toplan\u0131r. Ki\u015fisel veriler, ki\u015fisel olarak tan\u0131mlanabilece\u011finiz verilerdir. Bu gizlilik politikas\u0131 hangi verileri toplad\u0131\u011f\u0131m\u0131z\u0131 ve bunlar\u0131 ne i\u00e7in kulland\u0131\u011f\u0131m\u0131z\u0131 a\u00e7\u0131klamaktad\u0131r. Ayr\u0131ca bunun nas\u0131l ve ne ama\u00e7la yap\u0131ld\u0131\u011f\u0131n\u0131 da a\u00e7\u0131klar.<\/p><p>\u0130nternet \u00fczerinden veri iletiminde (\u00f6rne\u011fin e-posta ile ileti\u015fim) g\u00fcvenlik a\u00e7\u0131klar\u0131 olabilece\u011fini belirtmek isteriz. Verilerin \u00fc\u00e7\u00fcnc\u00fc taraflar\u0131n eri\u015fimine kar\u015f\u0131 tam olarak korunmas\u0131 m\u00fcmk\u00fcn de\u011fildir.<\/p><h4>Sorumlu kurulu\u015f hakk\u0131nda not<\/h4><p>Bu web sitesi i\u00e7in veri denetleyicisi:<\/p><p>Y\u00f6netim Kurulu: Sarah Berndt, Adriana Kocijan, Stefan Schroer<br>Harmoniestr. 41<br>47119 Duisburg<\/p><p>Telefon: +49 203 51935 067<br>E-posta: kontakt@lokal-harmonie.de<\/p><p>Kontrol\u00f6r, ki\u015fisel verilerin (\u00f6rne\u011fin isimler, e-posta adresleri veya benzeri) i\u015flenme ama\u00e7lar\u0131n\u0131 ve ara\u00e7lar\u0131n\u0131 tek ba\u015f\u0131na veya ba\u015fkalar\u0131yla birlikte belirleyen ger\u00e7ek veya t\u00fczel ki\u015fidir.<\/p><h4>Veri i\u015fleme izninizin iptali<\/h4><p>Bir\u00e7ok veri i\u015fleme i\u015flemi yaln\u0131zca sizin a\u00e7\u0131k r\u0131zan\u0131zla m\u00fcmk\u00fcnd\u00fcr. Daha \u00f6nce vermi\u015f oldu\u011funuz onay\u0131 istedi\u011finiz zaman iptal edebilirsiniz. Tek yapman\u0131z gereken bize e-posta ile resmi olmayan bir mesaj g\u00f6ndermek. \u0130ptale kadar ger\u00e7ekle\u015ftirilen veri i\u015flemenin yasall\u0131\u011f\u0131 iptalden etkilenmez.<\/p><h4>Yetkili denetim makam\u0131na itiraz hakk\u0131<\/h4><p>Veri koruma yasas\u0131n\u0131n ihlal edilmesi durumunda, ilgili ki\u015finin yetkili denetim makam\u0131na itiraz etme hakk\u0131 vard\u0131r. Veri koruma hukuku konular\u0131nda yetkili denetim makam\u0131, \u015firketimizin bulundu\u011fu federal eyaletin Eyalet Veri Koruma Komiseridir. Veri koruma g\u00f6revlilerinin bir listesi ve ileti\u015fim bilgileri a\u015fa\u011f\u0131daki ba\u011flant\u0131da bulunabilir: <a href=\"https:\/\/www.bfdi.bund.de\/DE\/Infothek\/Anschriften_Links\/anschriften_links-node.html\" target=\"_blank\" rel=\"noopener\">https:\/\/www.bfdi.bund.de\/DE\/Infothek\/Anschriften_Links\/anschriften_links-node.html<\/a>.<\/p><h4>Veri ta\u015f\u0131nabilirli\u011fi hakk\u0131<\/h4><p>Onay\u0131n\u0131za dayanarak veya bir s\u00f6zle\u015fmenin ifas\u0131 i\u00e7in otomatik olarak i\u015fledi\u011fimiz verilerin size veya \u00fc\u00e7\u00fcnc\u00fc bir tarafa ortak, makine taraf\u0131ndan okunabilir bir formatta teslim edilmesini sa\u011flama hakk\u0131na sahipsiniz. Verilerin ba\u015fka bir denetleyiciye do\u011frudan aktar\u0131lmas\u0131n\u0131 talep ederseniz, bu yaln\u0131zca teknik olarak m\u00fcmk\u00fcn oldu\u011fu \u00f6l\u00e7\u00fcde yap\u0131lacakt\u0131r.<\/p><h4>SSL veya TLS \u015fifreleme<\/h4><p>G\u00fcvenlik nedenleriyle ve site operat\u00f6r\u00fc olarak bize g\u00f6nderdi\u011finiz sipari\u015fler veya sorular gibi gizli i\u00e7eri\u011fin iletimini korumak i\u00e7in, bu site bir SSL veya SSL protokol\u00fc kullan\u0131r. TLS \u015fifreleme. \u015eifrelenmi\u015f bir ba\u011flant\u0131y\u0131, taray\u0131c\u0131n\u0131z\u0131n adres sat\u0131r\u0131n\u0131n &#8222;http:\/\/&#8220; yerine &#8222;https:\/\/&#8220; olarak de\u011fi\u015fmesinden ve taray\u0131c\u0131 sat\u0131r\u0131n\u0131zdaki kilit sembol\u00fcnden anlayabilirsiniz.<\/p><p>SSL veya TLS \u015fifrelemesi etkinle\u015ftirilirse, bize iletti\u011finiz veriler \u00fc\u00e7\u00fcnc\u00fc taraflarca okunamaz.<\/p><h4>Bilgi, engelleme, silme<\/h4><p>Y\u00fcr\u00fcrl\u00fckteki yasal h\u00fck\u00fcmler \u00e7er\u00e7evesinde, saklanan ki\u015fisel verileriniz, bunlar\u0131n kayna\u011f\u0131 ve al\u0131c\u0131s\u0131 ve veri i\u015flemenin amac\u0131 hakk\u0131nda istedi\u011finiz zaman \u00fccretsiz bilgi alma ve varsa bu verileri d\u00fczeltme, engelleme veya silme hakk\u0131na sahipsiniz. Bu ama\u00e7la ve ki\u015fisel veriler konusundaki di\u011fer sorular\u0131n\u0131z i\u00e7in k\u00fcnyede verilen adresten istedi\u011finiz zaman bizimle ileti\u015fime ge\u00e7ebilirsiniz.<\/p><h4>Reklam e-postalar\u0131na itiraz<\/h4><p>K\u00fcnye y\u00fck\u00fcml\u00fcl\u00fc\u011f\u00fc kapsam\u0131nda yay\u0131nlanan ileti\u015fim verilerinin, a\u00e7\u0131k\u00e7a talep edilmeyen reklam ve bilgilendirme materyallerinin iletimi i\u00e7in kullan\u0131lmas\u0131na i\u015fbu belge ile itiraz edilmektedir. Sayfalar\u0131n operat\u00f6rleri, \u00f6rne\u011fin spam e-postalar yoluyla istenmeyen reklam bilgilerinin g\u00f6nderilmesi durumunda yasal i\u015flem yapma hakk\u0131n\u0131 a\u00e7\u0131k\u00e7a sakl\u0131 tutar.<\/p><h3>3. Web sitemizde veri toplama<\/h3><h4>\u00c7erezler<\/h4><p>\u0130nternet sayfalar\u0131nda k\u0131smen \u00e7erezler kullan\u0131lmaktad\u0131r. \u00c7erezler bilgisayar\u0131n\u0131za herhangi bir zarar vermez ve vir\u00fcs i\u00e7ermez. \u00c7erezler, web sitemizi daha kullan\u0131c\u0131 dostu, etkili ve g\u00fcvenli hale getirmek i\u00e7in kullan\u0131l\u0131r. \u00c7erezler, bilgisayar\u0131n\u0131zda depolanan ve taray\u0131c\u0131n\u0131z taraf\u0131ndan kaydedilen k\u00fc\u00e7\u00fck metin dosyalar\u0131d\u0131r.<\/p><p>Kulland\u0131\u011f\u0131m\u0131z \u00e7erezlerin \u00e7o\u011fu &#8222;oturum \u00e7erezleri&#8220; olarak adland\u0131r\u0131l\u0131r. Ziyaretinizin sonunda otomatik olarak silinirler. Di\u011fer \u00e7erezler siz onlar\u0131 silene kadar terminal cihaz\u0131n\u0131zda sakl\u0131 kal\u0131r. Bu \u00e7erezler, bir sonraki ziyaretinizde taray\u0131c\u0131n\u0131z\u0131 tan\u0131mam\u0131z\u0131 sa\u011flar.<\/p><p>Taray\u0131c\u0131n\u0131z\u0131, \u00e7erezlerin ayarlanmas\u0131 hakk\u0131nda bilgilendirilecek ve yaln\u0131zca bireysel durumlarda \u00e7erezlere izin verecek, belirli durumlar i\u00e7in veya genel olarak \u00e7erezlerin kabul edilmesini hari\u00e7 tutacak ve taray\u0131c\u0131y\u0131 kapat\u0131rken \u00e7erezlerin otomatik olarak silinmesini etkinle\u015ftirecek \u015fekilde ayarlayabilirsiniz. \u00c7erezler devre d\u0131\u015f\u0131 b\u0131rak\u0131l\u0131rsa, bu web sitesinin i\u015flevselli\u011fi s\u0131n\u0131rl\u0131 olabilir.<\/p><p>Elektronik ileti\u015fim s\u00fcrecini y\u00fcr\u00fctmek veya talep etti\u011finiz belirli i\u015flevleri (\u00f6rne\u011fin al\u0131\u015fveri\u015f sepeti i\u015flevi) sa\u011flamak i\u00e7in gerekli olan \u00e7erezler, Madde 6 Para. 1 litre. f DSGVO kaydedildi. Web sitesi operat\u00f6r\u00fc, hizmetlerinin teknik olarak hatas\u0131z ve optimize edilmi\u015f bir \u015fekilde sunulmas\u0131 i\u00e7in \u00e7erezleri saklamakta me\u015fru bir menfaate sahiptir. Di\u011fer \u00e7erezler (\u00f6rn. gezinme davran\u0131\u015f\u0131n\u0131z\u0131 analiz etmek i\u00e7in \u00e7erezler) sakland\u0131\u011f\u0131 s\u00fcrece, bunlar bu veri koruma beyan\u0131nda ayr\u0131 olarak ele al\u0131nmaktad\u0131r.<\/p><h4>Sunucu g\u00fcnl\u00fck dosyalar\u0131<\/h4><p>Sayfalar\u0131n sa\u011flay\u0131c\u0131s\u0131, taray\u0131c\u0131n\u0131z\u0131n otomatik olarak bize iletti\u011fi sunucu g\u00fcnl\u00fck dosyalar\u0131ndaki bilgileri otomatik olarak toplar ve saklar. Bunlar:<\/p><ul><li>Taray\u0131c\u0131 t\u00fcr\u00fc ve s\u00fcr\u00fcm\u00fc<\/li><li>Kullan\u0131lan i\u015fletim sistemi<\/li><li>Y\u00f6nlendiren URL<\/li><li>Eri\u015fen bilgisayar\u0131n ana bilgisayar ad\u0131<\/li><li>Sunucu iste\u011finin zaman\u0131<\/li><li>IP adresi<\/li><\/ul><p>Bu veriler di\u011fer veri kaynaklar\u0131 ile birle\u015ftirilmemi\u015ftir.<\/p><p>Veri i\u015flemenin temeli Madde 6 paragraf\u0131d\u0131r. 1 litre. f Bir s\u00f6zle\u015fmenin veya s\u00f6zle\u015fme \u00f6ncesi \u00f6nlemlerin yerine getirilmesi i\u00e7in verilerin i\u015flenmesine izin veren DSGVO.<\/p><h4>\u0130leti\u015fim formu<\/h4><p>\u0130leti\u015fim formu arac\u0131l\u0131\u011f\u0131yla bize soru g\u00f6nderirseniz, orada verdi\u011finiz ileti\u015fim bilgileri de dahil olmak \u00fczere, talep formundaki bilgileriniz, talebin i\u015flenmesi amac\u0131yla ve takip eden talepler durumunda taraf\u0131m\u0131zdan saklanacakt\u0131r. Bu verileri sizin izniniz olmadan aktarmay\u0131z.<\/p><p>Bu nedenle, ileti\u015fim formuna girilen verilerin i\u015flenmesi yaln\u0131zca sizin r\u0131zan\u0131za dayanmaktad\u0131r (DSGVO Madde 6 Paragraf 1 Bent a). Bu izni istedi\u011finiz zaman iptal edebilirsiniz. Tek yapman\u0131z gereken bize e-posta ile resmi olmayan bir mesaj g\u00f6ndermek. \u0130ptale kadar ger\u00e7ekle\u015ftirilen veri i\u015fleme faaliyetlerinin hukuka uygunlu\u011fu iptalden etkilenmez.<\/p><p>\u0130leti\u015fim formuna girdi\u011finiz veriler, silmemizi talep edene, saklama izninizi iptal edene veya verilerin saklanma amac\u0131 art\u0131k ge\u00e7erli olmayana kadar (\u00f6rne\u011fin, sorgunuzu i\u015flemeyi tamamlad\u0131ktan sonra) bizde kalacakt\u0131r. Zorunlu yasal h\u00fck\u00fcmler &#8211; \u00f6zellikle saklama s\u00fcreleri &#8211; etkilenmeden kal\u0131r.<\/p><h4>Bu web sitesine kay\u0131t<\/h4><p>Sitedeki ek \u00f6zellikleri kullanmak i\u00e7in web sitemize kay\u0131t olabilirsiniz. Bu ama\u00e7la girilen verileri yaln\u0131zca kay\u0131t oldu\u011funuz ilgili teklif veya hizmeti kullanmak amac\u0131yla kullan\u0131r\u0131z. Kay\u0131t s\u0131ras\u0131nda istenen zorunlu bilgiler eksiksiz olarak sa\u011flanmal\u0131d\u0131r. Aksi takdirde kayd\u0131 reddedece\u011fiz.<\/p><p>\u00d6nemli de\u011fi\u015fiklikler i\u00e7in, \u00f6rne\u011fin teklif kapsam\u0131nda veya teknik olarak gerekli de\u011fi\u015fiklikler durumunda, sizi bu \u015fekilde bilgilendirmek i\u00e7in kay\u0131t s\u0131ras\u0131nda verilen e-posta adresini kullan\u0131r\u0131z.<\/p><p>Kay\u0131t s\u0131ras\u0131nda girilen verilerin i\u015flenmesi sizin r\u0131zan\u0131za dayanmaktad\u0131r (DSGVO Madde 6 Paragraf 1 Bent a). Vermi\u015f oldu\u011funuz herhangi bir izni istedi\u011finiz zaman iptal edebilirsiniz. Tek yapman\u0131z gereken bize e-posta ile resmi olmayan bir mesaj g\u00f6ndermek. Halihaz\u0131rda ger\u00e7ekle\u015ftirilmi\u015f olan veri i\u015flemenin yasall\u0131\u011f\u0131 iptalden etkilenmez.<\/p><p>Kay\u0131t s\u0131ras\u0131nda toplanan veriler, web sitemize kay\u0131tl\u0131 oldu\u011funuz s\u00fcrece taraf\u0131m\u0131zdan saklanacak ve daha sonra silinecektir. Yasal saklama s\u00fcreleri bundan etkilenmez.<\/p><h4>Verilerin i\u015flenmesi (m\u00fc\u015fteri ve s\u00f6zle\u015fme verileri)<\/h4><p>Ki\u015fisel verileri yaln\u0131zca hukuki ili\u015fkinin kurulmas\u0131, i\u00e7eri\u011fi veya de\u011fi\u015ftirilmesi i\u00e7in gerekli olduklar\u0131 \u00f6l\u00e7\u00fcde toplar, i\u015fler ve kullan\u0131r\u0131z (envanter verileri). Bu, Madde 6 paragraf\u0131 temelinde yap\u0131l\u0131r. 1 litre. b Bir s\u00f6zle\u015fmenin veya s\u00f6zle\u015fme \u00f6ncesi \u00f6nlemlerin yerine getirilmesi i\u00e7in verilerin i\u015flenmesine izin veren DSGVO. \u0130nternet sayfalar\u0131m\u0131z\u0131n kullan\u0131m\u0131yla ilgili ki\u015fisel verileri (kullan\u0131m verileri) yaln\u0131zca kullan\u0131c\u0131n\u0131n hizmeti kullanmas\u0131n\u0131 veya bunun i\u00e7in \u00fccretlendirilmesini sa\u011flamak i\u00e7in gerekli oldu\u011fu \u00f6l\u00e7\u00fcde toplar, i\u015fler ve kullan\u0131r\u0131z.<\/p><p>Toplanan m\u00fc\u015fteri verileri, sipari\u015fin tamamlanmas\u0131ndan veya i\u015f ili\u015fkisinin sona ermesinden sonra silinecektir. Yasal saklama s\u00fcreleri bundan etkilenmez.<\/p><h4>Hizmetler ve dijital i\u00e7erik i\u00e7in bir s\u00f6zle\u015fmenin imzalanmas\u0131 \u00fczerine veri aktar\u0131m\u0131<\/h4><p>Ki\u015fisel verileri \u00fc\u00e7\u00fcnc\u00fc taraflara yaln\u0131zca s\u00f6zle\u015fmenin i\u015flenmesi i\u00e7in gerekli olmas\u0131 halinde, \u00f6rne\u011fin \u00f6demelerin i\u015flenmesi ile g\u00f6revlendirilen kredi kurulu\u015funa iletiyoruz.<\/p><p>Verilerin daha fazla iletimi ger\u00e7ekle\u015fmez veya yaln\u0131zca iletime a\u00e7\u0131k\u00e7a izin vermeniz durumunda ger\u00e7ekle\u015fir. Verileriniz, \u00f6rne\u011fin reklam ama\u00e7l\u0131 olarak, a\u00e7\u0131k izniniz olmadan \u00fc\u00e7\u00fcnc\u00fc taraflara aktar\u0131lmayacakt\u0131r.<\/p><p>Veri i\u015flemenin temeli Madde 6 paragraf\u0131d\u0131r. 1 litre. b Bir s\u00f6zle\u015fmenin veya s\u00f6zle\u015fme \u00f6ncesi \u00f6nlemlerin yerine getirilmesi i\u00e7in verilerin i\u015flenmesine izin veren DSGVO.<\/p><h3>4. B\u00fclten<\/h3><h4>B\u00fclten verileri<\/h4><p>Web sitesinde sunulan haber b\u00fcltenini almak isterseniz, sizden bir e-posta adresinin yan\u0131 s\u0131ra, sa\u011flanan e-posta adresinin sahibi oldu\u011funuzu ve haber b\u00fcltenini almay\u0131 kabul etti\u011finizi do\u011frulamam\u0131za olanak tan\u0131yan bilgilere ihtiyac\u0131m\u0131z var. Di\u011fer veriler toplanmamakta veya sadece g\u00f6n\u00fcll\u00fcl\u00fck esas\u0131na g\u00f6re toplanmaktad\u0131r. Bu verileri yaln\u0131zca talep edilen bilgileri g\u00f6ndermek i\u00e7in kullan\u0131r\u0131z ve \u00fc\u00e7\u00fcnc\u00fc taraflara aktarmay\u0131z.<\/p><p>Haber b\u00fclteni kay\u0131t formuna girilen verilerin i\u015flenmesi yaln\u0131zca sizin r\u0131zan\u0131za dayanmaktad\u0131r (DSGVO Madde 6 Paragraf 1 Bent a). Verilerin, e-posta adresinin saklanmas\u0131na ve bunlar\u0131n haber b\u00fclteni g\u00f6nderimi i\u00e7in kullan\u0131lmas\u0131na ili\u015fkin onay\u0131n\u0131z\u0131 istedi\u011finiz zaman, \u00f6rne\u011fin haber b\u00fcltenindeki &#8222;abonelikten \u00e7\u0131k&#8220; ba\u011flant\u0131s\u0131 arac\u0131l\u0131\u011f\u0131yla iptal edebilirsiniz. Halihaz\u0131rda ger\u00e7ekle\u015ftirilmi\u015f olan veri i\u015fleme faaliyetlerinin yasall\u0131\u011f\u0131 iptal i\u015fleminden etkilenmez.<\/p><p>Haber b\u00fclteni almak amac\u0131yla bize sa\u011flad\u0131\u011f\u0131n\u0131z veriler, siz haber b\u00fclteni aboneli\u011finizi iptal edene kadar taraf\u0131m\u0131zdan saklanacak ve haber b\u00fclteni aboneli\u011finizi iptal ettikten sonra silinecektir. Di\u011fer ama\u00e7lar i\u00e7in taraf\u0131m\u0131zdan saklanan veriler (\u00f6rne\u011fin, \u00fcye alan\u0131 i\u00e7in e-posta adresleri) bundan etkilenmez.<\/p><h3>5. eklentiler ve ara\u00e7lar<\/h3><h4>YouTube<\/h4><p>Web sitemiz, Google taraf\u0131ndan i\u015fletilen YouTube sitesinin eklentilerini kullanmaktad\u0131r. Sayfalar\u0131n operat\u00f6r\u00fc YouTube, LLC, 901 Cherry Ave, San Bruno, CA 94066, ABD&#8217;dir.<\/p><p>YouTube eklentisi bulunan sayfalar\u0131m\u0131zdan birini ziyaret etti\u011finizde, YouTube sunucular\u0131yla bir ba\u011flant\u0131 kurulur. Bu, YouTube sunucusuna hangi sayfalar\u0131m\u0131z\u0131 ziyaret etti\u011finizi bildirir.<\/p><p>YouTube hesab\u0131n\u0131zda oturum a\u00e7t\u0131ysan\u0131z, YouTube&#8217;un tarama davran\u0131\u015f\u0131n\u0131z\u0131 do\u011frudan ki\u015fisel profilinizle ili\u015fkilendirmesini sa\u011flars\u0131n\u0131z. YouTube hesab\u0131n\u0131zdan \u00e7\u0131k\u0131\u015f yaparak bunu \u00f6nleyebilirsiniz.<\/p><p>YouTube, \u00e7evrimi\u00e7i tekliflerimizin \u00e7ekici bir \u015fekilde sunulmas\u0131 amac\u0131yla kullan\u0131lmaktad\u0131r. Bu, Madde 6 paragraf\u0131 anlam\u0131nda me\u015fru bir menfaat te\u015fkil eder. 1 litre. f GDPR.<\/p><p>Kullan\u0131c\u0131 verilerinin i\u015flenmesine ili\u015fkin daha fazla bilgi YouTube&#8217;un gizlilik politikas\u0131nda bulunabilir: <a href=\"https:\/\/www.google.de\/intl\/de\/policies\/privacy\" target=\"_blank\" rel=\"noopener\">https:\/\/www.google.de\/intl\/de\/policies\/privacy<\/a>.<\/p><h4>Google Web Yaz\u0131 Tipleri<\/h4><p>Bu site, yaz\u0131 tiplerinin tek tip g\u00f6r\u00fcnt\u00fclenmesi i\u00e7in Google taraf\u0131ndan sa\u011flanan s\u00f6zde web yaz\u0131 tiplerini kullan\u0131r. Bir sayfay\u0131 \u00e7a\u011f\u0131rd\u0131\u011f\u0131n\u0131zda, taray\u0131c\u0131n\u0131z metinleri ve yaz\u0131 tiplerini do\u011fru \u015fekilde g\u00f6r\u00fcnt\u00fclemek i\u00e7in gerekli web yaz\u0131 tiplerini taray\u0131c\u0131 \u00f6nbelle\u011finize y\u00fckler.<\/p><p>Bunun i\u00e7in kulland\u0131\u011f\u0131n\u0131z taray\u0131c\u0131n\u0131n Google&#8217;\u0131n sunucular\u0131na ba\u011flanmas\u0131 gerekir. Bu, Google&#8217;\u0131n web sitemize IP adresiniz \u00fczerinden eri\u015fildi\u011fini bilmesini sa\u011flar. Google Web Yaz\u0131 Tipleri, \u00e7evrimi\u00e7i tekliflerimizin tek tip ve \u00e7ekici bir \u015fekilde sunulmas\u0131 amac\u0131yla kullan\u0131lmaktad\u0131r. Bu, Madde 6 paragraf\u0131 anlam\u0131nda me\u015fru bir menfaat te\u015fkil eder. 1 litre. f GDPR.<\/p><p>Taray\u0131c\u0131n\u0131z web yaz\u0131 tiplerini desteklemiyorsa, bilgisayar\u0131n\u0131z taraf\u0131ndan standart bir yaz\u0131 tipi kullan\u0131l\u0131r.<\/p><p>Google Web Fonts hakk\u0131nda daha fazla bilgi <a href=\"https:\/\/developers.google.com\/fonts\/faq\" target=\"_blank\" rel=\"noopener\">https:\/\/developers.google.com\/fonts\/faq<\/a> adresinde ve Google&#8217;\u0131n gizlilik politikas\u0131nda bulunabilir: <a href=\"https:\/\/www.google.com\/policies\/privacy\/\" target=\"_blank\" rel=\"noopener\">https:\/\/www.google.com\/policies\/privacy\/<\/a>.<\/p><h4>Google Haritalar<\/h4><p>Bu site, bir API arac\u0131l\u0131\u011f\u0131yla harita hizmeti Google Maps&#8217;i kullanmaktad\u0131r. Sa\u011flay\u0131c\u0131 Google Inc., 1600 Amphitheatre Parkway, Mountain View, CA 94043, ABD&#8217;dir.<\/p><p>Google Haritalar&#8217;\u0131n i\u015flevlerini kullanmak i\u00e7in IP adresinizi kaydetmeniz gerekir. Bu bilgiler genellikle ABD&#8217;deki bir Google sunucusuna aktar\u0131l\u0131r ve orada saklan\u0131r. Bu sitenin sa\u011flay\u0131c\u0131s\u0131n\u0131n bu veri aktar\u0131m\u0131 \u00fczerinde hi\u00e7bir etkisi yoktur.<\/p><p>Google Haritalar&#8217;\u0131n kullan\u0131m\u0131, \u00e7evrimi\u00e7i tekliflerimizin \u00e7ekici bir \u015fekilde sunulmas\u0131 ve web sitesinde taraf\u0131m\u0131zdan belirtilen yerlerin kolay bir \u015fekilde konumland\u0131r\u0131lmas\u0131 i\u00e7indir. Bu, Madde 6 paragraf\u0131 anlam\u0131nda me\u015fru bir menfaat te\u015fkil eder. 1 litre. f GDPR.<\/p><p>Kullan\u0131c\u0131 verilerinin i\u015flenmesine ili\u015fkin daha fazla bilgi Google&#8217;\u0131n gizlilik politikas\u0131nda bulunabilir: <a href=\"https:\/\/www.google.de\/intl\/de\/policies\/privacy\/\" target=\"_blank\" rel=\"noopener\">https:\/\/www.google.de\/intl\/de\/policies\/privacy\/<\/a>.<\/p>\t\t\t\t\t\t<\/div>\n\t\t\t\t<\/div>\n\t\t\t\t\t<\/div>\n\t\t<\/div>\n\t\t\t\t<div class=\"elementor-column elementor-col-25 elementor-top-column elementor-element elementor-element-fb186da\" data-id=\"fb186da\" data-element_type=\"column\">\n\t\t\t<div class=\"elementor-widget-wrap\">\n\t\t\t\t\t\t\t\t\t<\/div>\n\t\t<\/div>\n\t\t\t\t\t\t\t<\/div>\n\t\t<\/section>\n\t\t\t\t\t\t\t<\/div>\n\t\t","protected":false},"excerpt":{"rendered":"<p>1. bi\u0307r baki\u015fta veri\u0307 koruma Genel notlar A\u015fa\u011f\u0131daki notlar, web sitemizi ziyaret etti\u011finizde ki\u015fisel verilerinize ne oldu\u011funa dair basit bir genel bak\u0131\u015f sa\u011flar. Ki\u015fisel veriler, ki\u015fisel olarak tan\u0131mlanabilece\u011finiz her t\u00fcrl\u00fc veridir. Veri koruma konusunda detayl\u0131 bilgi i\u00e7in l\u00fctfen bu metnin alt\u0131nda yer alan veri koruma beyan\u0131m\u0131za bak\u0131n\u0131z. Web sitemizde veri toplama Bu web sitesinde veri &hellip; <a href=\"https:\/\/soziokultur-duisburg.de\/2021-wp\/bilgi-koruma\/?lang=tr\" class=\"more-link\"><span class=\"screen-reader-text\">bilgi koruma<\/span> weiterlesen<\/a><\/p>\n","protected":false},"author":1,"featured_media":0,"parent":0,"menu_order":0,"comment_status":"closed","ping_status":"closed","template":"","meta":[],"_links":{"self":[{"href":"https:\/\/soziokultur-duisburg.de\/2021-wp\/wp-json\/wp\/v2\/pages\/642"}],"collection":[{"href":"https:\/\/soziokultur-duisburg.de\/2021-wp\/wp-json\/wp\/v2\/pages"}],"about":[{"href":"https:\/\/soziokultur-duisburg.de\/2021-wp\/wp-json\/wp\/v2\/types\/page"}],"author":[{"embeddable":true,"href":"https:\/\/soziokultur-duisburg.de\/2021-wp\/wp-json\/wp\/v2\/users\/1"}],"replies":[{"embeddable":true,"href":"https:\/\/soziokultur-duisburg.de\/2021-wp\/wp-json\/wp\/v2\/comments?post=642"}],"version-history":[{"count":4,"href":"https:\/\/soziokultur-duisburg.de\/2021-wp\/wp-json\/wp\/v2\/pages\/642\/revisions"}],"predecessor-version":[{"id":1728,"href":"https:\/\/soziokultur-duisburg.de\/2021-wp\/wp-json\/wp\/v2\/pages\/642\/revisions\/1728"}],"wp:attachment":[{"href":"https:\/\/soziokultur-duisburg.de\/2021-wp\/wp-json\/wp\/v2\/media?parent=642"}],"curies":[{"name":"wp","href":"https:\/\/api.w.org\/{rel}","templated":true}]}}