{"id":652,"date":"2022-04-21T13:24:15","date_gmt":"2022-04-21T11:24:15","guid":{"rendered":"https:\/\/soziokultur-duisburg.de\/2021-wp\/agla-birlestirme\/"},"modified":"2022-06-29T15:18:15","modified_gmt":"2022-06-29T13:18:15","slug":"agla-birlestirme","status":"publish","type":"page","link":"https:\/\/soziokultur-duisburg.de\/2021-wp\/agla-birlestirme\/?lang=tr","title":{"rendered":"a\u011fla birle\u015ftirme"},"content":{"rendered":"\t\t<div data-elementor-type=\"wp-page\" data-elementor-id=\"652\" class=\"elementor elementor-652\">\n\t\t\t\t\t\t\t\t\t<section class=\"elementor-section elementor-top-section elementor-element elementor-element-4fbf4d9 elementor-section-boxed elementor-section-height-default elementor-section-height-default\" data-id=\"4fbf4d9\" data-element_type=\"section\">\n\t\t\t\t\t\t<div class=\"elementor-container elementor-column-gap-default\">\n\t\t\t\t\t<div class=\"elementor-column elementor-col-100 elementor-top-column elementor-element elementor-element-1a26a25\" data-id=\"1a26a25\" data-element_type=\"column\">\n\t\t\t<div class=\"elementor-widget-wrap elementor-element-populated\">\n\t\t\t\t\t\t\t\t<div class=\"elementor-element elementor-element-16e7df1 elementor-widget elementor-widget-text-editor\" data-id=\"16e7df1\" data-element_type=\"widget\" data-widget_type=\"text-editor.default\">\n\t\t\t\t<div class=\"elementor-widget-container\">\n\t\t\t<style>\/*! elementor - v3.6.7 - 03-07-2022 *\/\n.elementor-widget-text-editor.elementor-drop-cap-view-stacked .elementor-drop-cap{background-color:#818a91;color:#fff}.elementor-widget-text-editor.elementor-drop-cap-view-framed .elementor-drop-cap{color:#818a91;border:3px solid;background-color:transparent}.elementor-widget-text-editor:not(.elementor-drop-cap-view-default) .elementor-drop-cap{margin-top:8px}.elementor-widget-text-editor:not(.elementor-drop-cap-view-default) .elementor-drop-cap-letter{width:1em;height:1em}.elementor-widget-text-editor .elementor-drop-cap{float:left;text-align:center;line-height:1;font-size:50px}.elementor-widget-text-editor .elementor-drop-cap-letter{display:inline-block}<\/style>\t\t\t\t<p>Duisburg&#8217;daki \u00e7ok \u00e7e\u015fitli sosyo-k\u00fclt\u00fcrel faaliyetleri bir araya getirmek istiyoruz. A\u011f olu\u015fturma amac\u0131yla her y\u0131l b\u00fcy\u00fck bir inisiyatif toplant\u0131s\u0131 d\u00fczenliyoruz. Bir sonraki etkinlik sonbaharda Stapeltor&#8217;da ger\u00e7ekle\u015ftirilecek.<\/p><p>Haritada, kendilerini en geni\u015f anlamda &#8222;sosyo-k\u00fclt\u00fcrel&#8220; olarak g\u00f6ren ve g\u00f6r\u00fcn\u00fcr k\u0131lmak istedi\u011fimiz baz\u0131 sosyo-k\u00fclt\u00fcrel mek\u00e2nlar\u0131 ve giri\u015fimleri bulabilirsiniz.<\/p><p>Daha fazla bilgi i\u00e7in ikonlara t\u0131klay\u0131n!<br>Sokaklarda dola\u015f\u0131n! Birbirinizi ziyaret edin!<\/p>\t\t\t\t\t\t<\/div>\n\t\t\t\t<\/div>\n\t\t\t\t\t<\/div>\n\t\t<\/div>\n\t\t\t\t\t\t\t<\/div>\n\t\t<\/section>\n\t\t\t\t<section class=\"elementor-section elementor-top-section elementor-element elementor-element-e4ba16b elementor-section-boxed elementor-section-height-default elementor-section-height-default\" data-id=\"e4ba16b\" data-element_type=\"section\">\n\t\t\t\t\t\t<div class=\"elementor-container elementor-column-gap-default\">\n\t\t\t\t\t<div class=\"elementor-column elementor-col-100 elementor-top-column elementor-element elementor-element-4983a46\" data-id=\"4983a46\" data-element_type=\"column\">\n\t\t\t<div class=\"elementor-widget-wrap elementor-element-populated\">\n\t\t\t\t\t\t\t\t<div class=\"elementor-element elementor-element-b139878 elementor-widget elementor-widget-text-editor\" data-id=\"b139878\" data-element_type=\"widget\" data-widget_type=\"text-editor.default\">\n\t\t\t\t<div class=\"elementor-widget-container\">\n\t\t\t\t\t\t\t<iframe loading=\"lazy\" src=\"https:\/\/www.google.com\/maps\/d\/embed?mid=16P0J6B06aVEgM3EJ3EtyAuPXXSXrxB5e&#038;hl=de\" width=\"640\" height=\"480\"><\/iframe>\t\t\t\t\t\t<\/div>\n\t\t\t\t<\/div>\n\t\t\t\t\t<\/div>\n\t\t<\/div>\n\t\t\t\t\t\t\t<\/div>\n\t\t<\/section>\n\t\t\t\t<section class=\"elementor-section elementor-top-section elementor-element elementor-element-84251ff elementor-section-boxed elementor-section-height-default elementor-section-height-default\" data-id=\"84251ff\" data-element_type=\"section\">\n\t\t\t\t\t\t<div class=\"elementor-container elementor-column-gap-default\">\n\t\t\t\t\t<div class=\"elementor-column elementor-col-100 elementor-top-column elementor-element elementor-element-f4f3f67\" data-id=\"f4f3f67\" data-element_type=\"column\">\n\t\t\t<div class=\"elementor-widget-wrap elementor-element-populated\">\n\t\t\t\t\t\t\t\t<div class=\"elementor-element elementor-element-a6aa46a elementor-widget elementor-widget-text-editor\" data-id=\"a6aa46a\" data-element_type=\"widget\" data-widget_type=\"text-editor.default\">\n\t\t\t\t<div class=\"elementor-widget-container\">\n\t\t\t\t\t\t\t<p><em>Efsane: <img decoding=\"async\" loading=\"lazy\" class=\"alignnone wp-image-1210\" src=\"https:\/\/soziokultur-duisburg.de\/2021-wp\/wp-content\/uploads\/2022\/05\/map-icon-1.png\" alt=\"\" width=\"20\" height=\"20\" srcset=\"https:\/\/soziokultur-duisburg.de\/2021-wp\/wp-content\/uploads\/2022\/05\/map-icon-1.png 256w, https:\/\/soziokultur-duisburg.de\/2021-wp\/wp-content\/uploads\/2022\/05\/map-icon-1-150x150.png 150w\" sizes=\"(max-width: 20px) 100vw, 20px\" \/>  <img decoding=\"async\" loading=\"lazy\" class=\"alignnone wp-image-1213\" src=\"https:\/\/soziokultur-duisburg.de\/2021-wp\/wp-content\/uploads\/2022\/05\/map-icon-2.png\" alt=\"\" width=\"20\" height=\"20\" srcset=\"https:\/\/soziokultur-duisburg.de\/2021-wp\/wp-content\/uploads\/2022\/05\/map-icon-2.png 256w, https:\/\/soziokultur-duisburg.de\/2021-wp\/wp-content\/uploads\/2022\/05\/map-icon-2-150x150.png 150w\" sizes=\"(max-width: 20px) 100vw, 20px\" \/> sembollerin \u00fczerine t\u0131klay\u0131n!<\/em><\/p><p>Kendinizi sosyo-k\u00fclt\u00fcrel yerler olarak da g\u00f6r\u00fcyorsunuz, a\u011f kurmak istiyorsunuz, haritada yer almak istiyorsunuz? &#8211; Bize mail at\u0131n: <a href=\"https:\/\/soziokultur-duisburg.de\/2021-wp\/iletisim\/?lang=tr\">bir mail!<\/a><\/p><p>Duisburg d\u0131\u015f\u0131nda da a\u011f kurmak istiyoruz. Buna ek olarak 21. ve 22 May\u0131s&#8217;ta Stapeltor&#8217;da Network X &#8211; Ruhr B\u00f6lgesi Sanat ve Sosyal Meseleler A\u011f\u0131&#8217;n\u0131n (destekledi\u011fimiz) &#8222;K\u00fc\u00e7\u00fck Mekanlar ve \u00d6zg\u00fcr Kolektifler Konferans\u0131&#8220;.<\/p>\t\t\t\t\t\t<\/div>\n\t\t\t\t<\/div>\n\t\t\t\t\t<\/div>\n\t\t<\/div>\n\t\t\t\t\t\t\t<\/div>\n\t\t<\/section>\n\t\t\t\t\t\t\t<\/div>\n\t\t","protected":false},"excerpt":{"rendered":"<p>Duisburg&#8217;daki \u00e7ok \u00e7e\u015fitli sosyo-k\u00fclt\u00fcrel faaliyetleri bir araya getirmek istiyoruz. A\u011f olu\u015fturma amac\u0131yla her y\u0131l b\u00fcy\u00fck bir inisiyatif toplant\u0131s\u0131 d\u00fczenliyoruz. Bir sonraki etkinlik sonbaharda Stapeltor&#8217;da ger\u00e7ekle\u015ftirilecek. Haritada, kendilerini en geni\u015f anlamda &#8222;sosyo-k\u00fclt\u00fcrel&#8220; olarak g\u00f6ren ve g\u00f6r\u00fcn\u00fcr k\u0131lmak istedi\u011fimiz baz\u0131 sosyo-k\u00fclt\u00fcrel mek\u00e2nlar\u0131 ve giri\u015fimleri bulabilirsiniz. Daha fazla bilgi i\u00e7in ikonlara t\u0131klay\u0131n!Sokaklarda dola\u015f\u0131n! Birbirinizi ziyaret edin! Efsane: sembollerin &hellip; <a href=\"https:\/\/soziokultur-duisburg.de\/2021-wp\/agla-birlestirme\/?lang=tr\" class=\"more-link\"><span class=\"screen-reader-text\">a\u011fla birle\u015ftirme<\/span> weiterlesen<\/a><\/p>\n","protected":false},"author":1,"featured_media":0,"parent":0,"menu_order":0,"comment_status":"closed","ping_status":"closed","template":"","meta":[],"_links":{"self":[{"href":"https:\/\/soziokultur-duisburg.de\/2021-wp\/wp-json\/wp\/v2\/pages\/652"}],"collection":[{"href":"https:\/\/soziokultur-duisburg.de\/2021-wp\/wp-json\/wp\/v2\/pages"}],"about":[{"href":"https:\/\/soziokultur-duisburg.de\/2021-wp\/wp-json\/wp\/v2\/types\/page"}],"author":[{"embeddable":true,"href":"https:\/\/soziokultur-duisburg.de\/2021-wp\/wp-json\/wp\/v2\/users\/1"}],"replies":[{"embeddable":true,"href":"https:\/\/soziokultur-duisburg.de\/2021-wp\/wp-json\/wp\/v2\/comments?post=652"}],"version-history":[{"count":6,"href":"https:\/\/soziokultur-duisburg.de\/2021-wp\/wp-json\/wp\/v2\/pages\/652\/revisions"}],"predecessor-version":[{"id":1674,"href":"https:\/\/soziokultur-duisburg.de\/2021-wp\/wp-json\/wp\/v2\/pages\/652\/revisions\/1674"}],"wp:attachment":[{"href":"https:\/\/soziokultur-duisburg.de\/2021-wp\/wp-json\/wp\/v2\/media?parent=652"}],"curies":[{"name":"wp","href":"https:\/\/api.w.org\/{rel}","templated":true}]}}

ağla birleştirme

<div data-elementor-type="wp-page" data-elementor-id="652" class="elementor elementor-652">
									<section class="elementor-section elementor-top-section elementor-element elementor-element-4fbf4d9 elementor-section-boxed elementor-section-height-default elementor-section-height-default" data-id="4fbf4d9" data-element_type="section">
						<div class="elementor-container elementor-column-gap-default">
					<div class="elementor-column elementor-col-100 elementor-top-column elementor-element elementor-element-1a26a25" data-id="1a26a25" data-element_type="column">
			<div class="elementor-widget-wrap elementor-element-populated">
								<div class="elementor-element elementor-element-16e7df1 elementor-widget elementor-widget-text-editor" data-id="16e7df1" data-element_type="widget" data-widget_type="text-editor.default">
				<div class="elementor-widget-container">
			<style>/*! elementor - v3.6.7 - 03-07-2022 */
.elementor-widget-text-editor.elementor-drop-cap-view-stacked .elementor-drop-cap{background-color:#818a91;color:#fff}.elementor-widget-text-editor.elementor-drop-cap-view-framed .elementor-drop-cap{color:#818a91;border:3px solid;background-color:transparent}.elementor-widget-text-editor:not(.elementor-drop-cap-view-default) .elementor-drop-cap{margin-top:8px}.elementor-widget-text-editor:not(.elementor-drop-cap-view-default) .elementor-drop-cap-letter{width:1em;height:1em}.elementor-widget-text-editor .elementor-drop-cap{float:left;text-align:center;line-height:1;font-size:50px}.elementor-widget-text-editor .elementor-drop-cap-letter{display:inline-block}</style>				<p>Duisburg&#8217;daki çok çeşitli sosyo-kültürel faaliyetleri bir araya getirmek istiyoruz. Ağ oluşturma amacıyla her yıl büyük bir inisiyatif toplantısı düzenliyoruz. Bir sonraki etkinlik sonbaharda Stapeltor&#8217;da gerçekleştirilecek.</p><p>Haritada, kendilerini en geniş anlamda &#8222;sosyo-kültürel&#8220; olarak gören ve görünür kılmak istediğimiz bazı sosyo-kültürel mekânları ve girişimleri bulabilirsiniz.</p><p>Daha fazla bilgi için ikonlara tıklayın!<br>Sokaklarda dolaşın! Birbirinizi ziyaret edin!</p>						</div>
				</div>
					</div>
		</div>
							</div>
		</section>
				<section class="elementor-section elementor-top-section elementor-element elementor-element-e4ba16b elementor-section-boxed elementor-section-height-default elementor-section-height-default" data-id="e4ba16b" data-element_type="section">
						<div class="elementor-container elementor-column-gap-default">
					<div class="elementor-column elementor-col-100 elementor-top-column elementor-element elementor-element-4983a46" data-id="4983a46" data-element_type="column">
			<div class="elementor-widget-wrap elementor-element-populated">
								<div class="elementor-element elementor-element-b139878 elementor-widget elementor-widget-text-editor" data-id="b139878" data-element_type="widget" data-widget_type="text-editor.default">
				<div class="elementor-widget-container">
							<iframe loading="lazy" src="https://www.google.com/maps/d/embed?mid=16P0J6B06aVEgM3EJ3EtyAuPXXSXrxB5e&#038;hl=de" width="640" height="480"></iframe>						</div>
				</div>
					</div>
		</div>
							</div>
		</section>
				<section class="elementor-section elementor-top-section elementor-element elementor-element-84251ff elementor-section-boxed elementor-section-height-default elementor-section-height-default" data-id="84251ff" data-element_type="section">
						<div class="elementor-container elementor-column-gap-default">
					<div class="elementor-column elementor-col-100 elementor-top-column elementor-element elementor-element-f4f3f67" data-id="f4f3f67" data-element_type="column">
			<div class="elementor-widget-wrap elementor-element-populated">
								<div class="elementor-element elementor-element-a6aa46a elementor-widget elementor-widget-text-editor" data-id="a6aa46a" data-element_type="widget" data-widget_type="text-editor.default">
				<div class="elementor-widget-container">
							<p><em>Efsane: <img decoding="async" loading="lazy" class="alignnone wp-image-1210" src="https://soziokultur-duisburg.de/2021-wp/wp-content/uploads/2022/05/map-icon-1.png" alt="" width="20" height="20" srcset="https://soziokultur-duisburg.de/2021-wp/wp-content/uploads/2022/05/map-icon-1.png 256w, https://soziokultur-duisburg.de/2021-wp/wp-content/uploads/2022/05/map-icon-1-150x150.png 150w" sizes="(max-width: 20px) 100vw, 20px" />  <img decoding="async" loading="lazy" class="alignnone wp-image-1213" src="https://soziokultur-duisburg.de/2021-wp/wp-content/uploads/2022/05/map-icon-2.png" alt="" width="20" height="20" srcset="https://soziokultur-duisburg.de/2021-wp/wp-content/uploads/2022/05/map-icon-2.png 256w, https://soziokultur-duisburg.de/2021-wp/wp-content/uploads/2022/05/map-icon-2-150x150.png 150w" sizes="(max-width: 20px) 100vw, 20px" /> sembollerin üzerine tıklayın!</em></p><p>Kendinizi sosyo-kültürel yerler olarak da görüyorsunuz, ağ kurmak istiyorsunuz, haritada yer almak istiyorsunuz? &#8211; Bize mail atın: <a href="https://soziokultur-duisburg.de/2021-wp/iletisim/?lang=tr">bir mail!</a></p><p>Duisburg dışında da ağ kurmak istiyoruz. Buna ek olarak 21. ve 22 Mayıs&#8217;ta Stapeltor&#8217;da Network X &#8211; Ruhr Bölgesi Sanat ve Sosyal Meseleler Ağı&#8217;nın (desteklediğimiz) &#8222;Küçük Mekanlar ve Özgür Kolektifler Konferansı&#8220;.</p>						</div>
				</div>
					</div>
		</div>
							</div>
		</section>
							</div>

<p>Duisburg&#8217;daki çok çeşitli sosyo-kültürel faaliyetleri bir araya getirmek istiyoruz. Ağ oluşturma amacıyla her yıl büyük bir inisiyatif toplantısı düzenliyoruz. Bir sonraki etkinlik sonbaharda Stapeltor&#8217;da gerçekleştirilecek. Haritada, kendilerini en geniş anlamda &#8222;sosyo-kültürel&#8220; olarak gören ve görünür kılmak istediğimiz bazı sosyo-kültürel mekânları ve girişimleri bulabilirsiniz. Daha fazla bilgi için ikonlara tıklayın!Sokaklarda dolaşın! Birbirinizi ziyaret edin! Efsane: sembollerin &hellip; <a href="https://soziokultur-duisburg.de/2021-wp/agla-birlestirme/?lang=tr" class="more-link"><span class="screen-reader-text">ağla birleştirme</span> weiterlesen</a></p>
